t the prime factors of 55.
5, 11
What are the prime factors of 2020?
2, 5, 101
List the prime factors of 8795.
5, 1759
What are the prime factors of 549?
3, 61
List the prime factors of 15272.
2, 23, 83
What are the prime factors of 39582?
2, 3, 733
List the prime factors of 323.
17, 19
List the prime factors of 775.
5, 31
What are the prime factors of 36682?
2, 18341
What are the prime factors of 13787?
17, 811
What are the prime factors of 38862?
2, 3, 17, 127
What are the prime factors of 5057?
13, 389
List the prime factors of 601.
601
List the prime factors of 4393.
23, 191
What are the prime factors of 3247?
17, 191
What are the prime factors of 26933?
23, 1171
List the prime factors of 172937.
23, 73, 103
What are the prime factors of 148723?
148723
List the prime factors of 9862.
2, 4931
What are the prime factors of 8974?
2, 7, 641
What are the prime factors of 633?
3, 211
List the prime factors of 58532.
2, 14633
List the prime factors of 726.
2, 3, 11
What are the prime factors of 12537?
3, 7, 199
What are the prime factors of 7994?
2, 7, 571
List the prime factors of 142.
2, 71
What are the prime factors of 5403?
3, 1801
List the prime factors of 1044.
2, 3, 29
List the prime factors of 15271.
15271
What are the prime factors of 1922?
2, 31
List the prime factors of 2440.
2, 5, 61
What are the prime factors of 9224?
2, 1153
What are the prime factors of 2339?
2339
What are the prime factors of 5441?
5441
List the prime factors of 591.
3, 197
List the prime factors of 33430.
2, 5, 3343
List the prime factors of 19582.
2, 9791
List the prime factors of 285.
3, 5, 19
What are the prime factors of 1698?
2, 3, 283
What are the prime factors of 21094?
2, 53, 199
List the prime factors of 27428.
2, 6857
List the prime factors of 704.
2, 11
List the prime factors of 12121.
17, 23, 31
List the prime factors of 4443.
3, 1481
What are the prime factors of 24872?
2, 3109
List the prime factors of 58658.
2, 139, 211
What are the prime factors of 9893?
13, 761
List the prime factors of 20203.
89, 227
List the prime factors of 11201.
23, 487
List the prime factors of 2543.
2543
What are the prime factors of 263?
263
What are the prime factors of 2572?
2, 643
List the prime factors of 3787.
7, 541
List the prime factors of 2103.
3, 701
List the prime factors of 982.
2, 491
What are the prime factors of 16324?
2, 7, 11, 53
List the prime factors of 6679.
6679
List the prime factors of 15991.
15991
List the prime factors of 918.
2, 3, 17
List the prime factors of 614.
2, 307
List the prime factors of 24236.
2, 73, 83
List the prime factors of 17222.
2, 79, 109
List the prime factors of 1560.
2, 3, 5, 13
List the prime factors of 39293.
39293
List the prime factors of 33083.
33083
What are the prime factors of 14572?
2, 3643
List the prime factors of 2289.
3, 7, 109
List the prime factors of 12265.
5, 11, 223
What are the prime factors of 293?
293
What are the prime factors of 135164?
2, 33791
List the prime factors of 1571.
1571
What are the prime factors of 509?
509
What are the prime factors of 365?
5, 73
What are the prime factors of 16375?
5, 131
What are the prime factors of 316?
2, 79
What are the prime factors of 9692?
2, 2423
List the prime factors of 14117.
19, 743
What are the prime factors of 112321?
11, 10211
What are the prime factors of 65501?
17, 3853
What are the prime factors of 22113?
3, 7, 13
What are the prime factors of 855?
3, 5, 19
List the prime factors of 36690.
2, 3, 5, 1223
What are the prime factors of 11091?
3, 3697
List the prime factors of 446.
2, 223
List the prime factors of 12983.
12983
What are the prime factors of 11737?
11, 97
List the prime factors of 2020.
2, 5, 101
List the prime factors of 33794.
2, 61, 277
What are the prime factors of 3143?
7, 449
List the prime factors of 148431.
3, 49477
What are the prime factors of 5038?
2, 11, 229
What are the prime factors of 13626?
2, 3, 757
What are the prime factors of 4430?
2, 5, 443
List the prime factors of 211.
211
List the prime factors of 3291.
3, 1097
What are the prime factors of 4706?
2, 13, 181
What are the prime factors of 5132?
2, 1283
List the prime factors of 7544.
2, 23, 41
What are the prime factors of 1760?
2, 5, 11
What are the prime factors of 14152?
2, 29, 61
List the prime factors of 7404.
2, 3, 617
List the prime factors of 7315.
5, 7, 11, 19
What are the prime factors of 2114?
2, 7, 151
List the prime factors of 4389.
3, 7, 11, 19
What are the prime factors of 17216?
2, 269
What are the prime factors of 6256?
2, 17, 23
List the prime factors of 847.
7, 11
What are the prime factors of 132?
2, 3, 11
List the prime factors of 8159.
41, 199
List the prime factors of 15690.
2, 3, 5, 523
What are the prime factors of 686?
2, 7
List the prime factors of 9858.
2, 3, 31, 53
What are the prime factors of 10828?
2, 2707
List the prime factors of 1298.
2, 11, 59
List the prime factors of 128286.
2, 3, 7127
What are the prime factors of 144745?
5, 28949
List the prime factors of 145063.
145063
List the prime factors of 4119.
3, 1373
List the prime factors of 8022.
2, 3, 7, 191
List the prime factors of 26118.
2, 3, 1451
List the prime factors of 1054.
2, 17, 31
List the prime factors of 2703.
3, 17, 53
What are the prime factors of 25430?
2, 5, 2543
List the prime factors of 3259.
3259
What are the prime factors of 136643?
13, 23, 457
List the prime factors of 958.
2, 479
What are the prime factors of 165273?
3, 89, 619
What are the prime factors of 25357?
25357
What are the prime factors of 60290?
2, 5, 6029
List the prime factors of 2498.
2, 1249
List the prime factors of 16813.
17, 23, 43
List the prime factors of 44537.
44537
List the prime factors of 748.
2, 11, 17
What are the prime factors of 5177?
31, 167
List the prime factors of 42642.
2, 3, 23, 103
List the prime factors of 3256.
2, 11, 37
What are the prime factors of 1249?
1249
What are the prime factors of 1160?
2, 5, 29
List the prime factors of 49099.
37, 1327
What are the prime factors of 1374?
2, 3, 229
List the prime factors of 1539.
3, 19
List the prime factors of 25650.
2, 3, 5, 19
List the prime factors of 3866.
2, 1933
What are the prime factors of 40064?
2, 313
What are the prime factors of 1317?
3, 439
List the prime factors of 10973.
10973
What are the prime factors of 5033?
7, 719
List the prime factors of 1920.
2, 3, 5
What are the prime factors of 24827?
11, 37, 61
List the prime factors of 14946.
2, 3, 47, 53
List the prime factors of 13840.
2, 5, 173
What are the prime factors of 2638?
2, 1319
What are the prime factors of 749?
7, 107
What are the prime factors of 25677?
3, 317
List the prime factors of 32579.
32579
List the prime factors of 1467.
3, 163
List the prime factors of 804.
2, 3, 67
List the prime factors of 4457.
4457
What are the prime factors of 3907?
3907
List the prime factors of 196.
2, 7
What are the prime factors of 54886?
2, 13, 2111
List the prime factors of 6610.
2, 5, 661
What are the prime factors of 8477?
7, 173
What are the prime factors of 868?
2, 7, 31
List the prime factors of 57399.
3, 19, 53
What are the prime factors of 54476?
2, 13619
List the prime factors of 48499.
11, 4409
List the prime factors of 11679.
3, 17, 229
List the prime factors of 335.
5, 67
List the prime factors of 12496.
2, 11, 71
List the prime factors of 1662.
2, 3, 277
What are the prime factors of 28920?
2, 3, 5, 241
What are the prime factors of 1492?
2, 373
List the prime factors of 8726.
2, 4363
List the prime factors of 2860.
2, 5, 11, 13
List the prime factors of 16353.
3, 23, 79
List the prime factors of 171.
3, 19
What are the prime factors of 71840?
2, 5, 449
What are the prime factors of 47188?
2, 47, 251
List the prime factors of 40491.
3, 11, 409
List the prime factors of 3515.
5, 19, 37
List the prime factors of 7249.
11, 659
What are the prime factors of 67392?
2, 3, 13
What are the prime factors of 16475?
5, 659
What are the prime factors of 553?
7, 79
What are the prime factors of 569?
569
List the prime factors of 1494.
2, 3, 83
List the prime factors of 33673.
151, 223
What are the prime factors of 20449?
11, 13
List the prime factors of 42778.
2, 73, 293
What are the prime factors of 12282?
2, 3, 23, 89
List the prime factors of 8612.
2, 2153
What 